{"id":284,"date":"2019-03-02T09:45:46","date_gmt":"2019-03-02T08:45:46","guid":{"rendered":"https:\/\/provya.fr\/?page_id=284"},"modified":"2020-01-30T15:53:36","modified_gmt":"2020-01-30T14:53:36","slug":"firewall-pro-xtra","status":"publish","type":"page","link":"https:\/\/provya.fr\/index.php\/firewall-pour-pfsense\/firewall-pro-xtra\/","title":{"rendered":"Firewall pro-Xtra pour pfSense"},"content":{"rendered":"<div id=\"prov-haut\">\n<div id=\"prov-prez-fw\">pro-Xtra<\/p>\n<div id=\"prov-ico-pan\"><a href=\"https:\/\/store.provya.fr\/firewall-pour-pfsense\/33-84-firewall-pro-xtra-pour-pfsense-6-ports-gbps-intel-i7-ssd-grands-comptes.html#\">Achetez en ligne<\/a><\/div>\n<\/div>\n<div id=\"prov-img-fw\"><img loading=\"lazy\" decoding=\"async\" class=\"aligncenter size-full wp-image-463\" src=\"https:\/\/provya.fr\/wp-content\/uploads\/2020\/01\/firewall-pro-Xtra-provya-1-250px.jpg\" alt=\"\" width=\"250\" height=\"200\" \/><\/div>\n<\/div>\n<div id=\"prov-txt-fw\">\n<p>Le firewall pro-Xtra est une appliance haute-performance sp\u00e9cialement con\u00e7u pour le logiciel pfSense dans le cadre des tr\u00e8s grands d\u00e9ploiements et des environnements datacenter.<\/p>\n<p>Il r\u00e9pond aux derniers pr\u00e9-requis techniques pour accueillir les toutes derni\u00e8res versions de pfSense et les suivantes. Il embarque un processeur Intel i7 64 bits et supporte l&rsquo;AES-NI (qui sont des pr\u00e9-requis \u00e0 pfSense 2.4 et 2.5).<\/p>\n<p>Le pro-Xtra dispose de 6 interfaces Gigabits.<\/p>\n<p>Il tourne sur un disque-dur SSD extr\u00eamement performant.<\/p>\n<p>Rackable, il est le firewall id\u00e9al pour les grandes entreprises souhaitant mettre en \u0153uvre pfSense.<\/p>\n<hr \/>\n\n<table id=\"tablepress-18\" class=\"tablepress tablepress-id-18\">\n<thead>\n<tr class=\"row-1\">\n\t<th class=\"column-1\"><img loading=\"lazy\" decoding=\"async\" src=\"https:\/\/provya.fr\/wp-content\/uploads\/2020\/01\/firewall-pro-Xtra-provya-1-250px.jpg\" alt=\"\" width=\"250\" height=\"200\" class=\"aligncenter size-full wp-image-250\" \/><\/th><th class=\"column-2\"><img loading=\"lazy\" decoding=\"async\" src=\"https:\/\/provya.fr\/wp-content\/uploads\/2020\/01\/firewall-pro-Xtra-provya-2-250px.jpg\" alt=\"\" width=\"250\" height=\"200\" class=\"aligncenter size-full wp-image-250\" \/><\/th><th class=\"column-3\"><img loading=\"lazy\" decoding=\"async\" src=\"https:\/\/provya.fr\/wp-content\/uploads\/2020\/01\/firewall-pro-Xtra-provya-3-250px.jpg\" alt=\"\" width=\"250\" height=\"200\" class=\"aligncenter size-full wp-image-250\" \/><\/th>\n<\/tr>\n<\/thead>\n<tbody class=\"row-striping row-hover\">\n<\/tbody>\n<\/table>\n<!-- #tablepress-18 from cache -->\n<hr \/>\n<\/div>\n\n<table id=\"tablepress-17\" class=\"tablepress tablepress-id-17 tbody-has-connected-cells\">\n<tbody>\n<tr class=\"row-1\">\n\t<td colspan=\"2\" class=\"column-1\">Caract\u00e9ristiques techniques<\/td>\n<\/tr>\n<tr class=\"row-2\">\n\t<td class=\"column-1\">Processeur<\/td><td class=\"column-2\">Intel i7<br \/>\n64 bits<\/td>\n<\/tr>\n<tr class=\"row-3\">\n\t<td class=\"column-1\">Support instructions AES-NI<br \/>\n(acc\u00e9l\u00e9ration cryptographique)<\/td><td class=\"column-2\">Oui.<\/td>\n<\/tr>\n<tr class=\"row-4\">\n\t<td class=\"column-1\">M\u00e9moire vive<\/td><td class=\"column-2\">8 Go (extensible \u00e0 16 Go)<\/td>\n<\/tr>\n<tr class=\"row-5\">\n\t<td class=\"column-1\">Disque-dur (SSD)<\/td><td class=\"column-2\">64 Go (extensible  jusqu'\u00e0 480 Go)<\/td>\n<\/tr>\n<tr class=\"row-6\">\n\t<td colspan=\"2\" class=\"column-1\">Connectivit\u00e9<\/td>\n<\/tr>\n<tr class=\"row-7\">\n\t<td class=\"column-1\">Interfaces r\u00e9seau<\/td><td class=\"column-2\">6 ports Gigabits<\/td>\n<\/tr>\n<tr class=\"row-8\">\n\t<td class=\"column-1\">Interfaces SFP<\/td><td class=\"column-2\">Non<\/td>\n<\/tr>\n<tr class=\"row-9\">\n\t<td class=\"column-1\">Ports USB<\/td><td class=\"column-2\">2<\/td>\n<\/tr>\n<tr class=\"row-10\">\n\t<td class=\"column-1\">Ports VGA<\/td><td class=\"column-2\">1<\/td>\n<\/tr>\n<tr class=\"row-11\">\n\t<td colspan=\"2\" class=\"column-1\">Divers<\/td>\n<\/tr>\n<tr class=\"row-12\">\n\t<td class=\"column-1\">Taille<\/td><td class=\"column-2\">43 cm x 25 cm x 4,5 cm<\/td>\n<\/tr>\n<tr class=\"row-13\">\n\t<td class=\"column-1\">Poids<\/td><td class=\"column-2\">5,5 kg<\/td>\n<\/tr>\n<tr class=\"row-14\">\n\t<td class=\"column-1\">Montage en rack<\/td><td class=\"column-2\">Oui<\/td>\n<\/tr>\n<tr class=\"row-15\">\n\t<td class=\"column-1\">Type de refroidissement<\/td><td class=\"column-2\">Ventilateur<\/td>\n<\/tr>\n<tr class=\"row-16\">\n\t<td class=\"column-1\">Garantie mat\u00e9riel<\/td><td class=\"column-2\">3 ans<br \/>\n(extensible \u00e0 5 ans)<\/td>\n<\/tr>\n<tr class=\"row-17\">\n\t<td class=\"column-1\">Prix H.T.<\/td><td class=\"column-2\">1 259 \u20ac<\/td>\n<\/tr>\n<\/tbody>\n<\/table>\n<!-- #tablepress-17 from cache -->\n<div id=\"prov-ico-pan2\">\u25ba <a href=\"https:\/\/store.provya.fr\/firewall-pour-pfsense\/33-84-firewall-pro-xtra-pour-pfsense-6-ports-gbps-intel-i7-ssd-grands-comptes.html\">Achetez en ligne<\/a><\/div>\n<hr \/>\n<p>D\u00e9couvrez notre gamme compl\u00e8te de firewall pour pfSense :<\/p>\n\n<table id=\"tablepress-16\" class=\"tablepress tablepress-id-16\">\n<tbody>\n<tr class=\"row-1\">\n\t<td class=\"column-1\"><strong>Firewall pro-Soho<\/strong><\/td><td class=\"column-2\"><\/td><td class=\"column-3\"><strong>Firewall pro-Middle<\/strong><\/td><td class=\"column-4\"><\/td><td class=\"column-5\"><strong>Firewall pro-Maxi<\/strong><\/td>\n<\/tr>\n<tr class=\"row-2\">\n\t<td class=\"column-1\"><a href=\"https:\/\/store.provya.fr\/firewall-pour-pfsense\/20-221-firewall-pour-pfsense-2-ports-gbps-quad-core-ssd-soho-tpe-pme.html\"><img loading=\"lazy\" decoding=\"async\" src=\"https:\/\/provya.fr\/wp-content\/uploads\/2021\/10\/firewall-pro-Soho-Provya-01.jpg\" alt=\"\" width=\"150\" height=\"150\" class=\"alignnone size-full wp-image-150\" \/><\/a><\/td><td class=\"column-2\"><\/td><td class=\"column-3\"><a href=\"https:\/\/store.provya.fr\/firewall-pour-pfsense\/32-492-firewall-pro-middle-pour-pfsense-4-ports-gbps-intel-i3-ssd-wifi-pme.html\"><img loading=\"lazy\" decoding=\"async\" src=\"https:\/\/provya.fr\/wp-content\/uploads\/2021\/10\/firewall-pro-Middle-Provya-01-2021.jpg\" alt=\"\" width=\"150\" height=\"150\" class=\"aligncenter size-full wp-image-150\" \/><\/a><\/td><td class=\"column-4\"><\/td><td class=\"column-5\"><a href=\"https:\/\/store.provya.fr\/firewall-pour-pfsense\/51-862-firewall-pro-maxi-pour-pfsense-ou-opnsense.html\"><img loading=\"lazy\" decoding=\"async\" src=\"https:\/\/provya.fr\/wp-content\/uploads\/2021\/10\/firewall-pro-Maxi-provya-01.jpg\" alt=\"\" width=\"150\" height=\"150\" class=\"alignnone size-full wp-image-150\" \/><\/a><\/td>\n<\/tr>\n<tr class=\"row-3\">\n\t<td class=\"column-1\">Firewall pour pfSense d\u00e9di\u00e9 aux petites structures.<br \/>\n<span class=\"toto\">Jusqu'\u00e0 25 utilisateurs<\/span><\/td><td class=\"column-2\"><\/td><td class=\"column-3\">Firewall pour pfSense pour les PME.<br \/>\n<span class=\"toto\">Jusqu'\u00e0 100 utilisateurs<\/span><\/td><td class=\"column-4\"><\/td><td class=\"column-5\">Firewall pour pfSense pour les PME.<br \/>\nJusqu'\u00e0 200 utilisateurs<\/td>\n<\/tr>\n<tr class=\"row-4\">\n\t<td class=\"column-1\">&#9658; <a href=\"https:\/\/store.provya.fr\/firewall-pour-pfsense\/20-221-firewall-pour-pfsense-2-ports-gbps-quad-core-ssd-soho-tpe-pme.html\">Acc\u00e9der \u00e0 la fiche produit<\/a><\/td><td class=\"column-2\"><\/td><td class=\"column-3\">&#9658; <a href=\"https:\/\/store.provya.fr\/firewall-pour-pfsense\/32-492-firewall-pro-middle-pour-pfsense-4-ports-gbps-intel-i3-ssd-wifi-pme.html\">Acc\u00e9der \u00e0 la fiche produit<\/a><\/td><td class=\"column-4\"><\/td><td class=\"column-5\">&#9658; <a href=\"https:\/\/store.provya.fr\/firewall-pour-pfsense\/51-862-firewall-pro-maxi-pour-pfsense-ou-opnsense.html\">Acc\u00e9der \u00e0 la fiche produit<\/a><\/td>\n<\/tr>\n<tr class=\"row-5\">\n\t<td class=\"column-1\"><\/td><td class=\"column-2\"><\/td><td class=\"column-3\"><\/td><td class=\"column-4\"><\/td><td class=\"column-5\"><\/td>\n<\/tr>\n<tr class=\"row-6\">\n\t<td class=\"column-1\"><strong>Firewall pro-Large<\/strong><\/td><td class=\"column-2\"><\/td><td class=\"column-3\"><strong>Firewall pro-Xtend<\/strong><\/td><td class=\"column-4\"><\/td><td class=\"column-5\"><strong>Firewall pro-Xtra-SFP+<\/strong><\/td>\n<\/tr>\n<tr class=\"row-7\">\n\t<td class=\"column-1\"><a href=\"https:\/\/store.provya.fr\/firewall-pour-pfsense\/22-269-firewall-pour-pfsense-6-ports-gbps-intel-i5-ssd-pme-grands-comptes.html\"><img loading=\"lazy\" decoding=\"async\" src=\"https:\/\/provya.fr\/wp-content\/uploads\/2021\/10\/firewall-pro-Large-Provya-01.jpg\" alt=\"\" width=\"150\" height=\"150\" class=\"alignnone size-full wp-image-150\" \/><\/a><\/td><td class=\"column-2\"><\/td><td class=\"column-3\"><a href=\"https:\/\/store.provya.fr\/firewall-pour-pfsense\/43-432-firewall-pro-xtend-pour-pfsense-ou-opnsense-8-ports-gbps-intel-i5-ssd.html\"><img loading=\"lazy\" decoding=\"async\" src=\"https:\/\/provya.fr\/wp-content\/uploads\/2021\/10\/firewall-pro-Xtend-Provya-01.jpg\" alt=\"\" width=\"150\" height=\"150\" class=\"alignnone size-full wp-image-150\" \/><\/a><\/td><td class=\"column-4\"><\/td><td class=\"column-5\"><a href=\"https:\/\/store.provya.fr\/firewall-pour-pfsense\/34-377-firewall-pro-xtra-sfp-pour-pfsense-6-ports-gbps-2-ports-sfp-10-gbps-intel-i7-ssd-grands-comptes.html\"><img loading=\"lazy\" decoding=\"async\" src=\"https:\/\/provya.fr\/wp-content\/uploads\/2021\/10\/firewall-pro-Xtra-SFP-Provya-01.jpg\" alt=\"\" width=\"150\" height=\"150\" class=\"alignnone size-full wp-image-150\" \/><\/a><\/td>\n<\/tr>\n<tr class=\"row-8\">\n\t<td class=\"column-1\">Firewall pour pfSense pour les grands d\u00e9ploiements.<br \/>\nJusqu'\u00e0 500 utilisateurs<\/td><td class=\"column-2\"><\/td><td class=\"column-3\">Firewall pour pfSense pour les grands d\u00e9ploiements et les besoins en nombreuses connectiques.<br \/>\n<span class=\"toto\">Jusqu'\u00e0 500 utilisateurs<\/span><\/td><td class=\"column-4\"><\/td><td class=\"column-5\">Firewall pour pfSense pour les datacenters n\u00e9cessitant une connectique SFP 10 Gbps.<br \/>\n<span class=\"toto\">Au-del\u00e0 de 500 utilisateurs<\/span><\/td>\n<\/tr>\n<tr class=\"row-9\">\n\t<td class=\"column-1\">&#9658; <a href=\"https:\/\/store.provya.fr\/firewall-pour-pfsense\/22-269-firewall-pour-pfsense-6-ports-gbps-intel-i5-ssd-pme-grands-comptes.html\">Acc\u00e9der \u00e0 la fiche produit<\/a><\/td><td class=\"column-2\"><\/td><td class=\"column-3\">&#9658; <a href=\"https:\/\/store.provya.fr\/firewall-pour-pfsense\/43-432-firewall-pro-xtend-pour-pfsense-ou-opnsense-8-ports-gbps-intel-i5-ssd.html\">Acc\u00e9der \u00e0 la fiche produit<\/a><\/td><td class=\"column-4\"><\/td><td class=\"column-5\">&#9658; <a href=\"https:\/\/store.provya.fr\/firewall-pour-pfsense\/34-377-firewall-pro-xtra-sfp-pour-pfsense-6-ports-gbps-2-ports-sfp-10-gbps-intel-i7-ssd-grands-comptes.html\">Acc\u00e9der \u00e0 la fiche produit<\/a><\/td>\n<\/tr>\n<\/tbody>\n<\/table>\n<!-- #tablepress-16 from cache -->\n<hr \/>\n<p style=\"text-align: center;\"><a href=\"https:\/\/provya.fr\/index.php\/firewall-pour-pfsense\/comparatif-firewall\/\">Acc\u00e9dez au comparatif des firewall pour pfSense<\/a><\/p>\n<hr \/>\n<p>Un projet ? Une question ? Contactez-nous !<\/p>\n","protected":false},"excerpt":{"rendered":"<p>pro-Xtra Achetez en ligne Le firewall pro-Xtra est une appliance haute-performance sp\u00e9cialement con\u00e7u pour le logiciel pfSense dans le cadre des tr\u00e8s grands d\u00e9ploiements et des environnements datacenter. Il r\u00e9pond aux derniers pr\u00e9-requis techniques pour accueillir les toutes derni\u00e8res versions de pfSense et les suivantes. Il embarque un processeur Intel i7 64 bits et supporte [&hellip;]<\/p>\n","protected":false},"author":1,"featured_media":0,"parent":178,"menu_order":4,"comment_status":"closed","ping_status":"closed","template":"","meta":{"footnotes":""},"class_list":["post-284","page","type-page","status-publish","hentry"],"yoast_head":"<!-- This site is optimized with the Yoast SEO plugin v26.4 - https:\/\/yoast.com\/wordpress\/plugins\/seo\/ -->\n<title>Firewall pro-Xtra pour pfSense - Provya<\/title>\n<meta name=\"robots\" content=\"index, follow, max-snippet:-1, max-image-preview:large, max-video-preview:-1\" \/>\n<link rel=\"canonical\" href=\"https:\/\/provya.fr\/index.php\/firewall-pour-pfsense\/firewall-pro-xtra\/\" \/>\n<meta property=\"og:locale\" content=\"fr_FR\" \/>\n<meta property=\"og:type\" content=\"article\" \/>\n<meta property=\"og:title\" content=\"Firewall pro-Xtra pour pfSense - Provya\" \/>\n<meta property=\"og:description\" content=\"pro-Xtra Achetez en ligne Le firewall pro-Xtra est une appliance haute-performance sp\u00e9cialement con\u00e7u pour le logiciel pfSense dans le cadre des tr\u00e8s grands d\u00e9ploiements et des environnements datacenter. Il r\u00e9pond aux derniers pr\u00e9-requis techniques pour accueillir les toutes derni\u00e8res versions de pfSense et les suivantes. Il embarque un processeur Intel i7 64 bits et supporte [&hellip;]\" \/>\n<meta property=\"og:url\" content=\"https:\/\/provya.fr\/index.php\/firewall-pour-pfsense\/firewall-pro-xtra\/\" \/>\n<meta property=\"og:site_name\" content=\"Provya\" \/>\n<meta property=\"article:modified_time\" content=\"2020-01-30T14:53:36+00:00\" \/>\n<meta property=\"og:image\" content=\"https:\/\/provya.fr\/wp-content\/uploads\/2020\/01\/firewall-pro-Xtra-provya-1-250px.jpg\" \/>\n<meta name=\"twitter:card\" content=\"summary_large_image\" \/>\n<meta name=\"twitter:label1\" content=\"Dur\u00e9e de lecture estim\u00e9e\" \/>\n\t<meta name=\"twitter:data1\" content=\"1 minute\" \/>\n<script type=\"application\/ld+json\" class=\"yoast-schema-graph\">{\"@context\":\"https:\/\/schema.org\",\"@graph\":[{\"@type\":\"WebPage\",\"@id\":\"https:\/\/provya.fr\/index.php\/firewall-pour-pfsense\/firewall-pro-xtra\/\",\"url\":\"https:\/\/provya.fr\/index.php\/firewall-pour-pfsense\/firewall-pro-xtra\/\",\"name\":\"Firewall pro-Xtra pour pfSense - Provya\",\"isPartOf\":{\"@id\":\"https:\/\/provya.fr\/#website\"},\"primaryImageOfPage\":{\"@id\":\"https:\/\/provya.fr\/index.php\/firewall-pour-pfsense\/firewall-pro-xtra\/#primaryimage\"},\"image\":{\"@id\":\"https:\/\/provya.fr\/index.php\/firewall-pour-pfsense\/firewall-pro-xtra\/#primaryimage\"},\"thumbnailUrl\":\"https:\/\/provya.fr\/wp-content\/uploads\/2020\/01\/firewall-pro-Xtra-provya-1-250px.jpg\",\"datePublished\":\"2019-03-02T08:45:46+00:00\",\"dateModified\":\"2020-01-30T14:53:36+00:00\",\"breadcrumb\":{\"@id\":\"https:\/\/provya.fr\/index.php\/firewall-pour-pfsense\/firewall-pro-xtra\/#breadcrumb\"},\"inLanguage\":\"fr-FR\",\"potentialAction\":[{\"@type\":\"ReadAction\",\"target\":[\"https:\/\/provya.fr\/index.php\/firewall-pour-pfsense\/firewall-pro-xtra\/\"]}]},{\"@type\":\"ImageObject\",\"inLanguage\":\"fr-FR\",\"@id\":\"https:\/\/provya.fr\/index.php\/firewall-pour-pfsense\/firewall-pro-xtra\/#primaryimage\",\"url\":\"https:\/\/provya.fr\/wp-content\/uploads\/2020\/01\/firewall-pro-Xtra-provya-1-250px.jpg\",\"contentUrl\":\"https:\/\/provya.fr\/wp-content\/uploads\/2020\/01\/firewall-pro-Xtra-provya-1-250px.jpg\",\"width\":250,\"height\":200},{\"@type\":\"BreadcrumbList\",\"@id\":\"https:\/\/provya.fr\/index.php\/firewall-pour-pfsense\/firewall-pro-xtra\/#breadcrumb\",\"itemListElement\":[{\"@type\":\"ListItem\",\"position\":1,\"name\":\"Accueil\",\"item\":\"https:\/\/provya.fr\/\"},{\"@type\":\"ListItem\",\"position\":2,\"name\":\"Firewall pour pfSense et OPNsense\",\"item\":\"https:\/\/provya.fr\/index.php\/firewall-pour-pfsense\/\"},{\"@type\":\"ListItem\",\"position\":3,\"name\":\"Firewall pro-Xtra pour pfSense\"}]},{\"@type\":\"WebSite\",\"@id\":\"https:\/\/provya.fr\/#website\",\"url\":\"https:\/\/provya.fr\/\",\"name\":\"Provya\",\"description\":\"Expertise et firewall pour le logiciel pfSense\",\"potentialAction\":[{\"@type\":\"SearchAction\",\"target\":{\"@type\":\"EntryPoint\",\"urlTemplate\":\"https:\/\/provya.fr\/?s={search_term_string}\"},\"query-input\":{\"@type\":\"PropertyValueSpecification\",\"valueRequired\":true,\"valueName\":\"search_term_string\"}}],\"inLanguage\":\"fr-FR\"}]}<\/script>\n<!-- \/ Yoast SEO plugin. -->","yoast_head_json":{"title":"Firewall pro-Xtra pour pfSense - Provya","robots":{"index":"index","follow":"follow","max-snippet":"max-snippet:-1","max-image-preview":"max-image-preview:large","max-video-preview":"max-video-preview:-1"},"canonical":"https:\/\/provya.fr\/index.php\/firewall-pour-pfsense\/firewall-pro-xtra\/","og_locale":"fr_FR","og_type":"article","og_title":"Firewall pro-Xtra pour pfSense - Provya","og_description":"pro-Xtra Achetez en ligne Le firewall pro-Xtra est une appliance haute-performance sp\u00e9cialement con\u00e7u pour le logiciel pfSense dans le cadre des tr\u00e8s grands d\u00e9ploiements et des environnements datacenter. Il r\u00e9pond aux derniers pr\u00e9-requis techniques pour accueillir les toutes derni\u00e8res versions de pfSense et les suivantes. Il embarque un processeur Intel i7 64 bits et supporte [&hellip;]","og_url":"https:\/\/provya.fr\/index.php\/firewall-pour-pfsense\/firewall-pro-xtra\/","og_site_name":"Provya","article_modified_time":"2020-01-30T14:53:36+00:00","og_image":[{"url":"https:\/\/provya.fr\/wp-content\/uploads\/2020\/01\/firewall-pro-Xtra-provya-1-250px.jpg","type":"","width":"","height":""}],"twitter_card":"summary_large_image","twitter_misc":{"Dur\u00e9e de lecture estim\u00e9e":"1 minute"},"schema":{"@context":"https:\/\/schema.org","@graph":[{"@type":"WebPage","@id":"https:\/\/provya.fr\/index.php\/firewall-pour-pfsense\/firewall-pro-xtra\/","url":"https:\/\/provya.fr\/index.php\/firewall-pour-pfsense\/firewall-pro-xtra\/","name":"Firewall pro-Xtra pour pfSense - Provya","isPartOf":{"@id":"https:\/\/provya.fr\/#website"},"primaryImageOfPage":{"@id":"https:\/\/provya.fr\/index.php\/firewall-pour-pfsense\/firewall-pro-xtra\/#primaryimage"},"image":{"@id":"https:\/\/provya.fr\/index.php\/firewall-pour-pfsense\/firewall-pro-xtra\/#primaryimage"},"thumbnailUrl":"https:\/\/provya.fr\/wp-content\/uploads\/2020\/01\/firewall-pro-Xtra-provya-1-250px.jpg","datePublished":"2019-03-02T08:45:46+00:00","dateModified":"2020-01-30T14:53:36+00:00","breadcrumb":{"@id":"https:\/\/provya.fr\/index.php\/firewall-pour-pfsense\/firewall-pro-xtra\/#breadcrumb"},"inLanguage":"fr-FR","potentialAction":[{"@type":"ReadAction","target":["https:\/\/provya.fr\/index.php\/firewall-pour-pfsense\/firewall-pro-xtra\/"]}]},{"@type":"ImageObject","inLanguage":"fr-FR","@id":"https:\/\/provya.fr\/index.php\/firewall-pour-pfsense\/firewall-pro-xtra\/#primaryimage","url":"https:\/\/provya.fr\/wp-content\/uploads\/2020\/01\/firewall-pro-Xtra-provya-1-250px.jpg","contentUrl":"https:\/\/provya.fr\/wp-content\/uploads\/2020\/01\/firewall-pro-Xtra-provya-1-250px.jpg","width":250,"height":200},{"@type":"BreadcrumbList","@id":"https:\/\/provya.fr\/index.php\/firewall-pour-pfsense\/firewall-pro-xtra\/#breadcrumb","itemListElement":[{"@type":"ListItem","position":1,"name":"Accueil","item":"https:\/\/provya.fr\/"},{"@type":"ListItem","position":2,"name":"Firewall pour pfSense et OPNsense","item":"https:\/\/provya.fr\/index.php\/firewall-pour-pfsense\/"},{"@type":"ListItem","position":3,"name":"Firewall pro-Xtra pour pfSense"}]},{"@type":"WebSite","@id":"https:\/\/provya.fr\/#website","url":"https:\/\/provya.fr\/","name":"Provya","description":"Expertise et firewall pour le logiciel pfSense","potentialAction":[{"@type":"SearchAction","target":{"@type":"EntryPoint","urlTemplate":"https:\/\/provya.fr\/?s={search_term_string}"},"query-input":{"@type":"PropertyValueSpecification","valueRequired":true,"valueName":"search_term_string"}}],"inLanguage":"fr-FR"}]}},"_links":{"self":[{"href":"https:\/\/provya.fr\/index.php\/wp-json\/wp\/v2\/pages\/284","targetHints":{"allow":["GET"]}}],"collection":[{"href":"https:\/\/provya.fr\/index.php\/wp-json\/wp\/v2\/pages"}],"about":[{"href":"https:\/\/provya.fr\/index.php\/wp-json\/wp\/v2\/types\/page"}],"author":[{"embeddable":true,"href":"https:\/\/provya.fr\/index.php\/wp-json\/wp\/v2\/users\/1"}],"replies":[{"embeddable":true,"href":"https:\/\/provya.fr\/index.php\/wp-json\/wp\/v2\/comments?post=284"}],"version-history":[{"count":12,"href":"https:\/\/provya.fr\/index.php\/wp-json\/wp\/v2\/pages\/284\/revisions"}],"predecessor-version":[{"id":485,"href":"https:\/\/provya.fr\/index.php\/wp-json\/wp\/v2\/pages\/284\/revisions\/485"}],"up":[{"embeddable":true,"href":"https:\/\/provya.fr\/index.php\/wp-json\/wp\/v2\/pages\/178"}],"wp:attachment":[{"href":"https:\/\/provya.fr\/index.php\/wp-json\/wp\/v2\/media?parent=284"}],"curies":[{"name":"wp","href":"https:\/\/api.w.org\/{rel}","templated":true}]}}